ousands digit of 6851520?
1
What is the tens digit of 125630832?
3
What is the hundreds digit of 1444553?
5
What is the hundreds digit of 49969396?
3
What is the tens digit of 361984006?
0
What is the hundred thousands digit of 97868358?
8
What is the hundred thousands digit of 528511686?
5
What is the hundred millions digit of 1613547705?
6
What is the hundred thousands digit of 869780388?
7
What is the ten millions digit of 217152303?
1
What is the hundred millions digit of 147446357?
1
What is the hundred thousands digit of 34546387?
5
What is the ten millions digit of 61283387?
6
What is the hundreds digit of 273911618?
6
What is the tens digit of 5066737?
3
What is the ten millions digit of 112049320?
1
What is the hundreds digit of 1168551959?
9
What is the ten thousands digit of 100057017?
5
What is the hundreds digit of 769622719?
7
What is the billions digit of 1623878969?
1
What is the billions digit of 1699179345?
1
What is the hundred millions digit of 544009471?
5
What is the units digit of 396708445?
5
What is the ten millions digit of 71474992?
7
What is the millions digit of 299510024?
9
What is the units digit of 151470411?
1
What is the hundred thousands digit of 3617928856?
9
What is the ten millions digit of 2644173442?
4
What is the thousands digit of 312205570?
5
What is the units digit of 61354396?
6
What is the hundred millions digit of 3946121610?
9
What is the units digit of 57656363?
3
What is the millions digit of 66924432?
6
What is the hundred thousands digit of 1219442470?
4
What is the units digit of 90531799?
9
What is the hundred millions digit of 739263742?
7
What is the units digit of 412231894?
4
What is the thousands digit of 35203415?
3
What is the hundred thousands digit of 37406122?
4
What is the ten thousands digit of 129941252?
4
What is the hundreds digit of 8136390108?
1
What is the hundreds digit of 31001974?
9
What is the ten thousands digit of 39068727?
6
What is the hundred thousands digit of 136739773?
7
What is the thousands digit of 8318293?
8
What is the units digit of 28296170?
0
What is the hundred thousands digit of 32573236?
5
What is the hundred millions digit of 158806350?
1
What is the billions digit of 5331011045?
5
What is the hundred millions digit of 379211561?
3
What is the hundred thousands digit of 62308430?
3
What is the thousands digit of 51164990?
4
What is the ten thousands digit of 5388197746?
9
What is the tens digit of 61549579?
7
What is the hundreds digit of 8636405001?
0
What is the ten thousands digit of 20869391?
6
What is the ten millions digit of 85091667?
8
What is the ten thousands digit of 98579122?
7
What is the millions digit of 410305321?
0
What is the thousands digit of 66685711?
5
What is the hundreds digit of 246303779?
7
What is the ten millions digit of 3641678422?
4
What is the units digit of 568537602?
2
What is the units digit of 2700889519?
9
What is the billions digit of 1704579247?
1
What is the millions digit of 2118877805?
8
What is the ten thousands digit of 39036757?
3
What is the units digit of 264343502?
2
What is the thousands digit of 87594378?
4
What is the hundred thousands digit of 988170732?
1
What is the millions digit of 884119661?
4
What is the hundred thousands digit of 699840777?
8
What is the ten millions digit of 40237000?
4
What is the ten thousands digit of 44581903?
8
What is the hundreds digit of 266597960?
9
What is the ten thousands digit of 50131560?
3
What is the thousands digit of 630748639?
8
What is the billions digit of 5487518301?
5
What is the tens digit of 91351593?
9
What is the hundreds digit of 68324318?
3
What is the thousands digit of 20339228?
9
What is the units digit of 749868097?
7
What is the units digit of 53721796?
6
What is the ten millions digit of 30226986?
3
What is the ten thousands digit of 4674012?
7
What is the hundred thousands digit of 21687823?
6
What is the ten millions digit of 1376736729?
7
What is the hundreds digit of 2438137664?
6
What is the hundreds digit of 20882488?
4
What is the hundreds digit of 1239928505?
5
What is the hundreds digit of 642967791?
7
What is the hundred millions digit of 368050799?
3
What is the hundred thousands digit of 6929414?
9
What is the hundred thousands digit of 181321169?
3
What is the tens digit of 148055076?
7
What is the millions digit of 29025453?
9
What is the units digit of 18246043?
3
What is the tens digit of 3395417861?
6
What is the ten millions digit of 55538554?
5
What is the hundred thousands digit of 78360975?
3
What is the thousands digit of 3294666934?
6
What is the units digit of 139206880?
0
What is the ten thousands digit of 903928028?
2
What is the ten millions digit of 61942108?
6
What is the thousands digit of 2380201237?
1
What is the hundreds digit of 70343688?
6
What is the ten thousands digit of 1260426872?
2
What is the ten thousands digit of 191675703?
7
What is the millions digit of 60386355?
0
What is the hundred millions digit of 1293423072?
2
What is the ten thousands digit of 744056664?
5
What is the hundred thousands digit of 1578785473?
7
What is the hundreds digit of 299774677?
6
What is the thousands digit of 136760571?
0
What is the tens digit of 1663404577?
7
What is the hundreds digit of 183255232?
2
What is the tens digit of 1630988636?
3
What is the units digit of 4040155711?
1
What is the ten millions digit of 381481112?
8
What is the hundred millions digit of 101793237?
1
What is the ten thousands digit of 76962965?
6
What is the hundreds digit of 12487959?
9
What is the hundreds digit of 1218149250?
2
What is the thousands digit of 81922141?
2
What is the millions digit of 318094293?
8
What is the hundreds digit of 49210514?
5
What is the hundred thousands digit of 520130218?
1
What is the hundreds digit of 90365237?
2
What is the ten millions digit of 900082485?
0
What is the millions digit of 3222520096?
2
What is the units digit of 1391044813?
3
What is the thousands digit of 103442679?
2
What is the thousands digit of 335144448?
4
What is the hundred millions digit of 139679956?
1
What is the hundreds digit of 27601067?
0
What is the units digit of 12448903?
3
What is the ten thousands digit of 13738744?
3
What is the ten millions digit of 36452777?
3
What is the tens digit of 224457294?
9
What is the millions digit of 340553978?
0
What is the tens digit of 1095150?
5
What is the tens digit of 627301302?
0
What is the ten millions digit of 3013940980?
1
What is the millions digit of 33482578?
3
What is the units digit of 1670379080?
0
What is the ten thousands digit of 488698397?
9
What is the millions digit of 16640552?
6
What is the ten millions digit of 5518401997?
1
What is the millions digit of 1091562209?
1
What is the hundred thousands digit of 4458519?
4
What is the hundreds digit of 19603399?
3
What is the millions digit of 38536141?
8
What is the thousands digit of 17834663?
4
What is the hundred thousands digit of 328260189?
2
What is the hundred thousands digit of 315564173?
5
What is the thousands digit of 658150697?
0
What is the hundred thousands digit of 281996134?
9
What is the millions digit of 1797991367?
7
What is the hundred thousands digit of 436798942?
7
What is the millions digit of 527334164?
7
What is the units digit of 2425704360?
0
What is the hundred millions digit of 233817250?
2
What is the millions digit of 57027512?
7
What is the ten thousands digit of 48049555?
4
What is the millions digit of 821951151?
1
What is the ten millions digit of 364373761?
6
What is the tens digit of 490770680?
8
What is the units digit of 2355558083?
3
What is the hundreds digit of 553941793?
7
What is the millions digit of 46809565?
6
What is the hundred thousands digit of 92971941?
9
What is the units digit of 5711835?
5
What is the ten thousands digit of 201376456?
7
What is the hundreds digit of 1119869472?
4
What is the ten thousands digit of 44119985?
1
What is the ten millions digit of 225994322?
2
What is the ten millions digit of 46104919?
4
What is the ten thousands digit of 527896807?
9
What is the tens digit of 53073766?
6
What is the units digit of 1962299468?
8
What is the hundred thousands digit of 119157996?
1
What is the tens digit of 5576480836?
3
What is the thousands d